{"id":255,"date":"2024-10-16T13:59:48","date_gmt":"2024-10-16T11:59:48","guid":{"rendered":"https:\/\/www.meritis.cz\/?post_type=event&#038;p=255"},"modified":"2024-10-16T14:48:00","modified_gmt":"2024-10-16T12:48:00","slug":"vanocni-vecirek-ve-ctvrtek-19-12-2024","status":"publish","type":"event","link":"https:\/\/www.meritis.cz\/en\/event\/vanocni-vecirek-ve-ctvrtek-19-12-2024\/","title":{"rendered":"V\u00e1no\u010dn\u00ed ve\u010d\u00edrek ve \u010dtvrtek 19.12.2024"},"content":{"rendered":"<p>V\u00e1\u017een\u00ed a mil\u00ed p\u0159iznivci Meritisu,<\/p>\n<p>t\u00edmto V\u00e1s zveme na nezapomenutelnou p\u00e1rty na tajn\u00e9m m\u00edst\u011b v utajenou dobu.<\/p>\n<p>Povinn\u00fd dresscode v podob\u011b <em><span style=\"color: #ff00ff;\"><strong>DUDLAJDAAA<\/strong><\/span><\/em>.<\/p>\n<p>&nbsp;<\/p>\n<p>V\u0161echno se v\u010das dozv\u00edte!<\/p>\n<p>t\u00fdm Meritis<\/p>","protected":false},"excerpt":{"rendered":"<p>NE\u00da\u010cAST SE NEOMLOUV\u00c1! KDO NEP\u0158IJDE, FAKTURUJEME V\u0160ECHNO NA N\u011aJ!<\/p>","protected":false},"featured_media":44,"parent":0,"menu_order":0,"template":"","class_list":["post-255","event","type-event","status-publish","has-post-thumbnail","hentry"],"_links":{"self":[{"href":"https:\/\/www.meritis.cz\/en\/wp-json\/wp\/v2\/event\/255","targetHints":{"allow":["GET"]}}],"collection":[{"href":"https:\/\/www.meritis.cz\/en\/wp-json\/wp\/v2\/event"}],"about":[{"href":"https:\/\/www.meritis.cz\/en\/wp-json\/wp\/v2\/types\/event"}],"version-history":[{"count":2,"href":"https:\/\/www.meritis.cz\/en\/wp-json\/wp\/v2\/event\/255\/revisions"}],"predecessor-version":[{"id":258,"href":"https:\/\/www.meritis.cz\/en\/wp-json\/wp\/v2\/event\/255\/revisions\/258"}],"wp:featuredmedia":[{"embeddable":true,"href":"https:\/\/www.meritis.cz\/en\/wp-json\/wp\/v2\/media\/44"}],"wp:attachment":[{"href":"https:\/\/www.meritis.cz\/en\/wp-json\/wp\/v2\/media?parent=255"}],"curies":[{"name":"wp","href":"https:\/\/api.w.org\/{rel}","templated":true}]}}

Vánoční večírek ve čtvrtek 19.12.2024

<p>Vážení a milí přiznivci Meritisu,</p>
<p>tímto Vás zveme na nezapomenutelnou párty na tajném místě v utajenou dobu.</p>
<p>Povinný dresscode v podobě <em><span style="color: #ff00ff;"><strong>DUDLAJDAAA</strong></span></em>.</p>
<p>&nbsp;</p>
<p>Všechno se včas dozvíte!</p>
<p>tým Meritis</p>

<p>NEÚČAST SE NEOMLOUVÁ! KDO NEPŘIJDE, FAKTURUJEME VŠECHNO NA NĚJ!</p>
